- 29?
-49
In base 11, what is 2 + 24?
26
In base 16, what is -4 + 51?
4d
In base 16, what is -1 + 3b?
3a
In base 12, what is -b46 + 2?
-b44
In base 5, what is 110 + 1?
111
In base 8, what is 5 - 5475?
-5470
In base 12, what is ab - -4?
b3
In base 6, what is -421 - 13?
-434
In base 16, what is 3 + -2139?
-2136
In base 12, what is 5 + -2118?
-2113
In base 15, what is -1ac - -1?
-1ab
In base 5, what is 2243 - 4?
2234
In base 4, what is 1012 - -30?
1102
In base 5, what is 1 - 141?
-140
In base 9, what is -3 + -611?
-614
In base 6, what is -1033 - -12?
-1021
In base 5, what is -2342 + 1?
-2341
In base 10, what is -33 + 29?
-4
In base 7, what is -21532 - -2?
-21530
In base 11, what is -30 - -320?
2a0
In base 10, what is -4 - 54?
-58
In base 4, what is 2 - 20320?
-20312
In base 15, what is -177 + -2c?
-1a4
In base 14, what is 4 + -4?
0
In base 5, what is -34 - 4?
-43
In base 13, what is -63 - -3?
-60
In base 3, what is -2000 - 1102?
-10102
In base 7, what is -3 + -123?
-126
In base 4, what is -13130012 - -1?
-13130011
In base 14, what is 5 + -3b3?
-3ac
In base 5, what is 44 - -11?
110
In base 2, what is -1100 - -1100100?
1011000
In base 3, what is 10111 - -2?
10120
In base 16, what is 26 + -11?
15
In base 4, what is -1333 - 10?
-2003
In base 6, what is 202 - 13?
145
In base 2, what is 110111101 + -101?
110111000
In base 4, what is 2031 - -3?
2100
In base 11, what is 1188 - 4?
1184
In base 7, what is 4524 + 1?
4525
In base 16, what is -d9 + -c?
-e5
In base 10, what is 2 - -396?
398
In base 12, what is -2 - 206?
-208
In base 5, what is 4 + 14?
23
In base 10, what is -255 - 2?
-257
In base 4, what is 1200 - 10?
1130
In base 3, what is 2201 + 10?
2211
In base 5, what is 1210 - 12?
1143
In base 5, what is -2223 - 223?
-3001
In base 10, what is 114 - 16?
98
In base 4, what is 3 - -23?
32
In base 4, what is 1 - -122?
123
In base 15, what is 3a + 48?
83
In base 5, what is -122 + 3?
-114
In base 2, what is 110010 + 100110?
1011000
In base 14, what is 1 + 0?
1
In base 8, what is 153 + 50?
223
In base 10, what is 4 + -368?
-364
In base 2, what is -1010 + -1111?
-11001
In base 12, what is -5 + 11?
8
In base 13, what is 19bc + 6?
19c5
In base 9, what is -5 - -744?
738
In base 7, what is 12 - 2?
10
In base 14, what is 1 + 3097?
3098
In base 5, what is 22213 - 4?
22204
In base 11, what is 2 + 3906?
3908
In base 4, what is -111 + 10?
-101
In base 10, what is 1 - 111?
-110
In base 5, what is 0 + -10013?
-10013
In base 16, what is 4 - 116?
-112
In base 5, what is 2411 - -3?
2414
In base 2, what is -10101 + 1001?
-1100
In base 8, what is -46 - -3?
-43
In base 10, what is 1 + -516?
-515
In base 2, what is -100 + -101010110?
-101011010
In base 4, what is 23 + 11?
100
In base 7, what is 5 - -104?
112
In base 2, what is -110000 - -100000010?
11010010
In base 14, what is 12a1 - -3?
12a4
In base 3, what is 1 - 1202?
-1201
In base 10, what is 8 - -21?
29
In base 4, what is -1 + 130220?
130213
In base 13, what is -8 + -281?
-289
In base 5, what is -142 + -41?
-233
In base 7, what is -30 - 34?
-64
In base 7, what is -43 - -151?
105
In base 10, what is 4 - -322?
326
In base 12, what is 305 - 1?
304
In base 16, what is 1e1 - -4?
1e5
In base 15, what is 6 - -32?
38
In base 9, what is 357 + -2?
355
In base 15, what is 64 + -3?
61
In base 13, what is a - -465?
472
In base 3, what is -11222 - 212?
-12211
In base 4, what is 13210 - -3?
13213
In base 13, what is -2 + -158?
-15a
In base 8, what is -14 + -1?
-15
In base 4, what is -11320 + 3?
-11311
In base 15, what is -1e - 16?
-35
In base 2, what is 110 + -1010?
-100
In base 6, what is -234 - -103?
-131
In base 6, what is 0 - 1212?
-1212
In base 2, what is 1000100 + 0?
1000100
In base 3, what is -122000 - -110?
-121120
In base 16, what is -5 + 4b?
46
In base 12, what is -1228 + -2?
-122a
In base 8, what is -5 - 16?
-23
In base 16, what is 140 - 2?
13e
In base 16, what is 3 + -6c9?
-6c6
In base 12, what is 502 - 5?
4b9
In base 5, what is -11 + -14?
-30
In base 4, what is 10 + 2?
12
In base 4, what is 3 - -33321?
33330
In base 9, what is 55 - -26?
82
In base 15, what is -c - -7?
-5
In base 11, what is 5 - 31?
-27
In base 14, what is -1a - -5d?
43
In base 5, what is -30 - 3?
-33
In base 14, what is 13 - -a?
1d
In base 10, what is -18 + 111?
93
In base 10, what is 25 - 15?
10
In base 9, what is -7 + 146?
138
In base 15, what is -5 + -80?
-85
In base 11, what is 2 - -908?
90a
In base 3, what is -2 + 112120?
112111
In base 13, what is -152 - 25?
-177
In base 6, what is -145 + -54?
-243
In base 7, what is -1 + -15211?
-15212
In base 3, what is -101 - 21212?
-22020
In base 12, what is -7a - -1?
-79
In base 7, what is 3 - -10?
13
In base 16, what is -14 - -f?
-5
In base 2, what is -10011011 + 1100?
-10001111
In base 7, what is -6 + 12564?
12555
In base 12, what is 7 + 2a?
35
In base 11, what is 119 + -3?
116
In base 12, what is -4 + 480?
478
In base 15, what is -2 - -43?
41
In base 4, what is 30 + -3222?
-3132
In base 14, what is -27 - -7?
-20
In base 9, what is -7 + 456?
448
In base 15, what is 1ae - -6?
1b5
In base 10, what is 1 + 151?
152
In base 12, what is -aa + -2?
-b0
In base 12, what is -4 - 35?
-39
In base 14, what is -113 + -3?
-116
In base 6, what is 4231 - 1?
4230
In base 12, what is 57 + -3?
54
In base 8, what is 41 - -4?
45
In base 11, what is -1315 - -2?
-1313
In base 11, what is -1 - 1213?
-1214
In base 3, what is -1000 - 1?
-1001
In base 13, what is 1c + -1b?
1
In base 7, what is 3 + 15?
21
In base 3, what is 2 - 100100?
-100021
In base 2, what is -1001 - 110?
-1111
In base 8, what is 1 - -341?
342
In base 16, what is -779 - -1?
-778
In base 10, what is -2 - 68?
-70
In base 2, what is -101 - -100011?
11110
In base 9, what is 7841 + 0?
7841
In base 14, what is -2686 + -4?
-268a
In base 5, what is -2331 + -4?
-2340
In base 7, what is 2 + -1266?
-1264
In base 11, what is -41 + -14?
-55
In base 8, what is 1 - -3?
4
In base 15, what is -24 + -8?
-2c
In base 15, what is -40e1 + 2?
-40de
In base 12, what is 2 - 0?
2
In base 3, what is 11 - 101201?
-101120
In base 4, what is -10022 + 10?
-10012
In base 15, what is -c5 - -4?
-c1
In base 9, what is 17 - 3?
14
In base 4, what is 2 - 2322?
-2320
In base 4, what is -21 - 23323?
-30010
In base 4, what is 12 - -12213?
12231
In base 11, what is 487 + 2?
489
In base 16, what is -4b9 - -2?
-4b7
In base 16, what is -4b - 0?
-4b
In base 11, what is -4 + -41?
-45
In base 11, what is 13 - -592?
5a5
In base 12, what is -19b2 - 0?
-19b2
In base 4, what is 2 + 202?
210
In base 5, what is -24 + -12024?
-12103
In base 14, what is -339 + 0?
-339
In base 3, what is -10 - -220200?
220120
In base 11, what is -2 + 1a3?
1a1
In base 3, what is -222 - 21?
-1020
In base 9, what is 453 - 1?
452
In base 7, what is -60 + -363?
-453
In base 9, what is -5 - -454?
448
In base 16, what is -fe + 6?
-f8
In base 8, what is -32 + 24?
-6
In base 7, what is 445 - 3?
442
In base 14, what is 2 - -58?
5a
In base 13, what is 328 + -11?
317
In base 5, what is 4313 + -2?
4311
In base 16, what is 30 + -f?
21
In base 14, what is -db + 3?
-d8
In base 9, what is -6811 + -5?
-6816
In base 4, what is -11 + -12303?
-12320
In base 3, what is -1200121 - 2?
-1200200
In base 16, what is b0c - -1?
b0d
In base 14, what is -2937 + -2?
-2939
In base 7, what is 1 + -6055?
-6054
In base 2, what is -1 + 10000101?
10000100
In base 12, what is 7 + -78?
-71
In base 13, what is 3 - 144?
-141
In base 2, what is -10000100 + -1?
-10000101
In base 13, what is 97 + -8?
8c
In base 15, what is 143 - 0?
143
In base 9, what is -206 - 0?
-206
In base 14, what is 1 + 8d?
90
In base 4, what is 2132 + 10?
2202
In base 5, what is -2241 + 20?
-2221
In base 12, what is -5 - 29?
-32
In base 9, what is -88 + 22?
-66
In base 13, what is -10 + -5?
-15
In base 12, what is -3 + -23?
-26
In base 11, what is -43 - 5?
-48
In base 3, what is -10220012 + -20?
-10220102
In base 8, what is 34 - -3?
37
In base 9, what is 144 + 51?
205
In base 6, what is 54 + -1401?
-1303
In base 14, what is 6 - -53?
59
In base 10, what is -61 - 19?
-80
In base 4, what is 1 + -202?
-201
In base 7, what is 5 + -341?
-333
In base 15, what is 5 + 204?
209
In base 8, what is 311 - 4?
305
In base 2, what is 111 + 10010010011?
10010011010
In base 3, what is -2000000 - 10?
-2000010
In base 2, what is -